{"id":200,"date":"2019-05-03T10:38:06","date_gmt":"2019-05-03T08:38:06","guid":{"rendered":"http:\/\/ellasi.us\/?page_id=200"},"modified":"2019-05-03T11:00:29","modified_gmt":"2019-05-03T09:00:29","slug":"impressum","status":"publish","type":"page","link":"http:\/\/ellasi.us\/?page_id=200","title":{"rendered":"IMPRESSUM"},"content":{"rendered":"<p><strong><span style=\"font-size: 8pt;\">Angaben gem\u00e4\u00df \u00a7 5 TMG<\/span><\/strong><\/p>\n<p><span style=\"font-size: 8pt;\">Elena Sigwalt<\/span><br \/>\n<span style=\"font-size: 8pt;\">Rosenheimerstr. 123<\/span><br \/>\n<span style=\"font-size: 8pt;\">81667 M\u00fcnchen <\/span><br \/>\n<span style=\"font-size: 8pt;\">E-Mail: elena12@gmx.net &#8211; Telefon: 0049 177 6557140<br \/>\n<\/span><\/p>\n<p><strong><span style=\"font-size: 8pt;\">Haftung f\u00fcr Inhalte: <\/span><\/strong><span style=\"font-size: 8pt;\">Als Diensteanbieter sind wir gem\u00e4\u00df \u00a7 7 Abs.1 TMG f\u00fcr eigene Inhalte auf diesen Seiten nach den<\/span><br \/>\n<span style=\"font-size: 8pt;\">allgemeinen Gesetzen verantwortlich. Nach \u00a7\u00a7 8 bis 10 TMG sind wir als Diensteanbieter jedoch nicht<\/span><br \/>\n<span style=\"font-size: 8pt;\">verpflichtet, \u00fcbermittelte oder gespeicherte fremde Informationen zu \u00fcberwachen oder nach Umst\u00e4nden zu<\/span><br \/>\n<span style=\"font-size: 8pt;\">forschen, die auf eine rechtswidrige T\u00e4tigkeit hinweisen.<\/span><br \/>\n<span style=\"font-size: 8pt;\">Verpflichtungen zur Entfernung oder Sperrung der Nutzung von Informationen nach den allgemeinen<\/span><br \/>\n<span style=\"font-size: 8pt;\">Gesetzen bleiben hiervon unber\u00fchrt. Eine diesbez\u00fcgliche Haftung ist jedoch erst ab dem Zeitpunkt der<\/span><br \/>\n<span style=\"font-size: 8pt;\">Kenntnis einer konkreten Rechtsverletzung m\u00f6glich. Bei Bekanntwerden von entsprechenden<\/span><br \/>\n<span style=\"font-size: 8pt;\">Rechtsverletzungen werden wir diese Inhalte umgehend entfernen.<\/span><\/p>\n<p><strong><span style=\"font-size: 8pt;\">Urheberrecht: <\/span><\/strong><span style=\"font-size: 8pt;\">Die durch die Seitenbetreiber erstellten Inhalte und Werke auf diesen Seiten unterliegen dem deutschen <\/span><span style=\"font-size: 8pt;\">Urheberrecht. Die Vervielf\u00e4ltigung, Bearbeitung, Verbreitung und jede Art der Verwertung au\u00dferhalb der<\/span><br \/>\n<span style=\"font-size: 8pt;\">Grenzen des Urheberrechtes bed\u00fcrfen der schriftlichen Zustimmung des jeweiligen Autors bzw. Erstellers.<\/span><br \/>\n<span style=\"font-size: 8pt;\">Downloads und Kopien dieser Seite sind nur f\u00fcr den privaten, nicht kommerziellen Gebrauch gestattet.<\/span><br \/>\n<span style=\"font-size: 8pt;\">Soweit die Inhalte auf dieser Seite nicht vom Betreiber erstellt wurden, werden die Urheberrechte Dritter<\/span><br \/>\n<span style=\"font-size: 8pt;\">beachtet. Insbesondere werden Inhalte Dritter als solche gekennzeichnet. Sollten Sie trotzdem auf eine<\/span><br \/>\n<span style=\"font-size: 8pt;\">Urheberrechtsverletzung aufmerksam werden, bitten wir um einen entsprechenden Hinweis. Bei<\/span><br \/>\n<span style=\"font-size: 8pt;\">Bekanntwerden von Rechtsverletzungen werden wir derartige Inhalte umgehend entfernen.<\/span><\/p>\n<p><span style=\"font-size: 8pt;\">Quelle: <\/span><span style=\"font-size: 8pt;\">https:\/\/www.e-recht24.de<\/span><\/p>\n","protected":false},"excerpt":{"rendered":"<p>Angaben gem\u00e4\u00df \u00a7 5 TMG Elena Sigwalt Rosenheimerstr. 123 81667 M\u00fcnchen E-Mail: elena12@gmx.net &#8211; Telefon: 0049 177 6557140 Haftung f\u00fcr Inhalte: Als Diensteanbieter sind wir gem\u00e4\u00df \u00a7 7 Abs.1 TMG f\u00fcr eigene Inhalte auf diesen Seiten nach den allgemeinen Gesetzen verantwortlich. Nach \u00a7\u00a7 8 bis 10 TMG sind wir als Diensteanbieter jedoch nicht verpflichtet, \u00fcbermittelte &hellip; <\/p>\n<p class=\"link-more\"><a href=\"http:\/\/ellasi.us\/?page_id=200\" class=\"more-link\"><span class=\"screen-reader-text\">\u201eIMPRESSUM\u201c<\/span> weiterlesen<\/a><\/p>\n","protected":false},"author":1,"featured_media":0,"parent":0,"menu_order":0,"comment_status":"closed","ping_status":"closed","template":"","meta":{"footnotes":""},"_links":{"self":[{"href":"http:\/\/ellasi.us\/index.php?rest_route=\/wp\/v2\/pages\/200"}],"collection":[{"href":"http:\/\/ellasi.us\/index.php?rest_route=\/wp\/v2\/pages"}],"about":[{"href":"http:\/\/ellasi.us\/index.php?rest_route=\/wp\/v2\/types\/page"}],"author":[{"embeddable":true,"href":"http:\/\/ellasi.us\/index.php?rest_route=\/wp\/v2\/users\/1"}],"replies":[{"embeddable":true,"href":"http:\/\/ellasi.us\/index.php?rest_route=%2Fwp%2Fv2%2Fcomments&post=200"}],"version-history":[{"count":6,"href":"http:\/\/ellasi.us\/index.php?rest_route=\/wp\/v2\/pages\/200\/revisions"}],"predecessor-version":[{"id":209,"href":"http:\/\/ellasi.us\/index.php?rest_route=\/wp\/v2\/pages\/200\/revisions\/209"}],"wp:attachment":[{"href":"http:\/\/ellasi.us\/index.php?rest_route=%2Fwp%2Fv2%2Fmedia&parent=200"}],"curies":[{"name":"wp","href":"https:\/\/api.w.org\/{rel}","templated":true}]}}