{"id":28,"date":"2018-02-03T17:28:51","date_gmt":"2018-02-03T16:28:51","guid":{"rendered":"http:\/\/ellasi.us\/?page_id=28"},"modified":"2026-04-29T09:12:25","modified_gmt":"2026-04-29T07:12:25","slug":"startseite","status":"publish","type":"page","link":"http:\/\/ellasi.us\/","title":{"rendered":"ELLA SI &#8211; \u00c4NDERUNGSSCHNEIDEREI ELAINA"},"content":{"rendered":"\n<figure class=\"wp-block-gallery has-nested-images columns-default is-cropped wp-block-gallery-1 is-layout-flex wp-block-gallery-is-layout-flex\">\n<figure class=\"wp-block-image size-large\"><img loading=\"lazy\" decoding=\"async\" width=\"1024\" height=\"578\" data-id=\"555\" src=\"http:\/\/ellasi.us\/wp-content\/uploads\/2024\/09\/IMG20221102122211-1024x578.jpg\" alt=\"\" class=\"wp-image-555\" srcset=\"http:\/\/ellasi.us\/wp-content\/uploads\/2024\/09\/IMG20221102122211-1024x578.jpg 1024w, http:\/\/ellasi.us\/wp-content\/uploads\/2024\/09\/IMG20221102122211-300x169.jpg 300w, http:\/\/ellasi.us\/wp-content\/uploads\/2024\/09\/IMG20221102122211-768x433.jpg 768w, http:\/\/ellasi.us\/wp-content\/uploads\/2024\/09\/IMG20221102122211-1536x866.jpg 1536w, http:\/\/ellasi.us\/wp-content\/uploads\/2024\/09\/IMG20221102122211-2048x1155.jpg 2048w\" sizes=\"(max-width: 767px) 89vw, (max-width: 1000px) 54vw, (max-width: 1071px) 543px, 580px\" \/><\/figure>\n<\/figure>\n\n\n<p>Herzlich Willkommen !<\/p>\n<p>Ob nur eine optimale Anpassung, eine kleine Ausbesserung, oder aber ein komplett neu entworfenes Meisterwerk&#8230;<\/p>\n<p>Wir verstehen nicht nur unser Handwerk &#8211; wir lieben es.<\/p>\n<p>Mit Liebe zum Detail setzen wir deine W\u00fcnsche schnell, fachgerecht und kompetent um, und stehen mit Rat und Tat zur Seite.<\/p>\n<p style=\"text-align: justify;\">Wie einst\u00a0Coco Chanel sagte:<\/p>\n<p style=\"text-align: justify;\">&#8222;Elegance is when the inside is as beautiful as the outside&#8220;<\/p>\n<p style=\"text-align: justify;\">Gem\u00e4\u00df diesem Credos nehmen wir uns Zeit um dich und deine W\u00fcnsche zu erkennen, zu verstehen und gemeinsam zu verfolgen &#8211; \u00a0um so zusammen ein Ergebnis zu erzielen, welches dich und uns rundum gl\u00fccklich macht.<\/p>\n<p>\u00a0<\/p>\n<p>\u00d6FFNUNGSZEITEN\u00a0<\/p>\n<p>Mi + Do.\u00a0 \u00a0 \u00a0 \u00a0 \u00a014.00-18.00<\/p>\n<p>Fr + Sa.\u00a0 \u00a0 \u00a0 \u00a0 \u00a0 \u00a0 \u00a09.00-13.00<\/p>\n<p>Au\u00dferhalb der \u00d6ffnungszeiten nach Vereinbarung\u00a0<\/p>\n<p>Kontakt\u00a0<\/p>\n<p>Mode atelier ELAINA\u00a0<\/p>\n<p>Rosenheimer str. 123<\/p>\n<p>81667 M\u00fcnchen\u00a0<\/p>\n<p>Tel.\u00a0 Elena Sigwalt\u00a0<\/p>\n<p>0177 &#8211; 6557140<\/p>\n\n\n<figure class=\"wp-block-gallery has-nested-images columns-default is-cropped wp-block-gallery-2 is-layout-flex wp-block-gallery-is-layout-flex\">\n<figure class=\"wp-block-image size-large\"><img loading=\"lazy\" decoding=\"async\" width=\"1024\" height=\"578\" data-id=\"556\" src=\"http:\/\/ellasi.us\/wp-content\/uploads\/2024\/09\/IMG20221029091612-1024x578.jpg\" alt=\"\" class=\"wp-image-556\" srcset=\"http:\/\/ellasi.us\/wp-content\/uploads\/2024\/09\/IMG20221029091612-1024x578.jpg 1024w, http:\/\/ellasi.us\/wp-content\/uploads\/2024\/09\/IMG20221029091612-300x169.jpg 300w, http:\/\/ellasi.us\/wp-content\/uploads\/2024\/09\/IMG20221029091612-768x433.jpg 768w, http:\/\/ellasi.us\/wp-content\/uploads\/2024\/09\/IMG20221029091612-1536x866.jpg 1536w, http:\/\/ellasi.us\/wp-content\/uploads\/2024\/09\/IMG20221029091612-2048x1155.jpg 2048w\" sizes=\"(max-width: 767px) 89vw, (max-width: 1000px) 54vw, (max-width: 1071px) 543px, 580px\" \/><\/figure>\n<\/figure>\n\n\n\n<figure class=\"wp-block-gallery has-nested-images columns-default is-cropped wp-block-gallery-3 is-layout-flex wp-block-gallery-is-layout-flex\"><\/figure>\n\n\n\n<figure class=\"wp-block-gallery has-nested-images columns-default is-cropped wp-block-gallery-4 is-layout-flex wp-block-gallery-is-layout-flex\"><\/figure>\n\n\n\n\n","protected":false},"excerpt":{"rendered":"<p>Herzlich Willkommen ! Ob nur eine optimale Anpassung, eine kleine Ausbesserung, oder aber ein komplett neu entworfenes Meisterwerk&#8230; Wir verstehen nicht nur unser Handwerk &#8211; wir lieben es. Mit Liebe zum Detail setzen wir deine W\u00fcnsche schnell, fachgerecht und kompetent um, und stehen mit Rat und Tat zur Seite. Wie einst\u00a0Coco Chanel sagte: &#8222;Elegance is &hellip; <\/p>\n<p class=\"link-more\"><a href=\"http:\/\/ellasi.us\/\" class=\"more-link\"><span class=\"screen-reader-text\">\u201eELLA SI &#8211; \u00c4NDERUNGSSCHNEIDEREI ELAINA\u201c<\/span> weiterlesen<\/a><\/p>\n","protected":false},"author":1,"featured_media":0,"parent":0,"menu_order":0,"comment_status":"closed","ping_status":"closed","template":"","meta":{"footnotes":""},"_links":{"self":[{"href":"http:\/\/ellasi.us\/index.php?rest_route=\/wp\/v2\/pages\/28"}],"collection":[{"href":"http:\/\/ellasi.us\/index.php?rest_route=\/wp\/v2\/pages"}],"about":[{"href":"http:\/\/ellasi.us\/index.php?rest_route=\/wp\/v2\/types\/page"}],"author":[{"embeddable":true,"href":"http:\/\/ellasi.us\/index.php?rest_route=\/wp\/v2\/users\/1"}],"replies":[{"embeddable":true,"href":"http:\/\/ellasi.us\/index.php?rest_route=%2Fwp%2Fv2%2Fcomments&post=28"}],"version-history":[{"count":44,"href":"http:\/\/ellasi.us\/index.php?rest_route=\/wp\/v2\/pages\/28\/revisions"}],"predecessor-version":[{"id":648,"href":"http:\/\/ellasi.us\/index.php?rest_route=\/wp\/v2\/pages\/28\/revisions\/648"}],"wp:attachment":[{"href":"http:\/\/ellasi.us\/index.php?rest_route=%2Fwp%2Fv2%2Fmedia&parent=28"}],"curies":[{"name":"wp","href":"https:\/\/api.w.org\/{rel}","templated":true}]}}